a + 96. Suppose 3*b + 0*p - 25 = -5*p, 5*b + 20 = 4*p. What are the prime factors of y(b)?
2, 3
Suppose 5*v - 7 = -3*i + 14, 2*v = -4*i + 14. Suppose -v*a + 8*a = 15. Suppose 0*l + a*l - 3*z = 33, -z = -4*l + 32. What are the prime factors of l?
7
Suppose 0 = 20*g - 25*g + 20. What are the prime factors of (-18469)/(-143) + g/(-26)?
3, 43
List the prime factors of (-19)/((-1463)/(-22)) - (-19861)/7.
2837
Let x = -45 + 48. What are the prime factors of x/(-12) - 778/(-8)?
97
Let n be ((-2 + 0)/(-2))/(13/(-26)). List the prime factors of 91/(-2)*(2 - n)*-1.
2, 7, 13
What are the prime factors of (((-9900)/8)/(-11))/((-1)/(-6))?
3, 5
Let j = -2004 - -3645. List the prime factors of j.
3, 547
Suppose 4*s = 5*a + 168 + 11, -5*a + 5*s = 180. What are the prime factors of (12/(-15))/(7/a)?
2
Suppose 3160 = 3*d - 2*x - 3671, -3*d + 4*x = -6825. What are the prime factors of d?
43, 53
Let c(k) = k**3 - k + 4. Let f be c(0). What are the prime factors of 70 - 1/(2/f)?
2, 17
Suppose 0 = -41*a + 39*a + 296. What are the prime factors of a?
2, 37
Suppose 3*h = 4 + 38. Let y be h/70 - 399/(-5). Suppose 3*x + 8 - y = 0. What are the prime factors of x?
2, 3
List the prime factors of 2*1/(-2)*-137.
137
Let c = 183 - -17. Suppose -3*i + c = -2*z, -z = 5*i - 300 - 55. What are the prime factors of i?
2, 5, 7
Let g(w) = -w**3 - 5*w**2 + 4*w - 4. Let n = 4 + -10. Let i be g(n). List the prime factors of 22/i*(-2 + 6).
11
Let p(u) = -45*u + 65. Let x(q) = 11*q - 16. Let h(t) = 6*p(t) + 25*x(t). List the prime factors of h(11).
3, 5
What are the prime factors of (-4)/(8/(-3))*20482/57?
7, 11
Let q be -1 - ((-28)/(-12))/(-1)*-9. Let c = 179 + q. What are the prime factors of c?
157
Let q(t) be the second derivative of -t**3/3 - 6*t**2 + 5*t. Let z be q(-6). Suppose 3*p + p - 140 = z. List the prime factors of p.
5, 7
Suppose 15 = -w - 2. Let z = 42 + w. List the prime factors of z.
5
Suppose 64 = -5*r - 3*o, 4*r - 4*o + 0*o + 32 = 0. Let a(y) = -y**3 - 10*y**2 + 8*y - 10. What are the prime factors of a(r)?
23
Suppose -2*c - 4*s = -3*c + 64, -3*c - 4*s + 256 = 0. List the prime factors of c.
2, 5
Let b = -239 - -399. What are the prime factors of b?
2, 5
Let x be -12*(63/(-12))/(-1). Suppose 0 = 11*o - 12*o - 31. Let d = o - x. List the prime factors of d.
2
Let s(h) be the second derivative of 2*h**3 + 27*h**2/2 + h. List the prime factors of s(5).
3, 29
Let n be (-3835)/(-39) + 2/(-6). Let v = -13 + n. What are the prime factors of v?
5, 17
Suppose -5*w + w = 12. Let u(d) = d - 1. Let q be u(w). List the prime factors of (-78 + 5)*(q + 3).
73
Let z(i) = -5*i - 13. Let w be z(-4). Suppose 4*o = 5*r - 225, -4*r + 144 = -3*o + w*o. List the prime factors of r.
41
Let p(b) = b**2 + 2*b - 7. Let q be (-2)/3 - 10/3. Let x be p(q). Suppose 49 + x = 2*n. List the prime factors of n.
5
Let a = -23 + 12. Let s(p) = -p**3 - 11*p**2 - 4*p + 10. What are the prime factors of s(a)?
2, 3
Suppose -5*w + 9*w = 224. Suppose 0 = 5*c - 0*c - 140. Let h = w - c. List the prime factors of h.
2, 7
Let m = -15 + 59. Suppose -n - 5*v + 53 = 0, -n + m = 3*v - v. Let o = -13 + n. List the prime factors of o.
5
Let l(j) = j**2 + 5*j + 6. List the prime factors of l(-10).
2, 7
Let z(h) = -h + 23. Let y be z(-11). Suppose -y = -6*l + 26. List the prime factors of l.
2, 5
Let l be (-1*(-2 - -1))/((-2)/(-374)). Suppose -l = -n - 35. What are the prime factors of n?
2, 19
Suppose -9792 = -7*g - 5*g. List the prime factors of g.
2, 3, 17
Let g(v) be the third derivative of -1/30*v**5 + 5/6*v**3 + v**2 + 0 - 1/12*v**4 - 1/120*v**6 + 0*v. What are the prime factors of g(-3)?
2, 5
Let t(b) = -4*b**3 + 4*b**2 - b + 1. Let v be t(3). Let s be (21/7)/((-6)/v). Suppose -s = -2*d + d. What are the prime factors of d?
37
Let t(q) = 5*q**2 - 12*q - 76. List the prime factors of t(-12).
2, 197
Let u(l) = -2*l**2 + 10*l + 4. Let p be u(6). Let g = 12 - p. List the prime factors of g.
2, 5
Let m(x) = x**3 + 15*x**2 + 16*x - 22. Let b(l) = -l**2 - 14*l - 53. Let p be b(-5). List the prime factors of m(p).
2, 149
Let t = -151 + 522. List the prime factors of t.
7, 53
Let v(y) = -2*y**2 + 4*y + 3. Let k(d) = -d**2 + d + 1. Let b(i) = -k(i) + v(i). Let q be b(4). Let m(l) = 5*l**2 - 2*l - 1. What are the prime factors of m(q)?
23
Suppose -6*p + 2952 + 26022 = 0. List the prime factors of p.
11, 439
Suppose 4*y - 2*y = 200. Suppose 0 = 3*l - p - y, 3*l - 125 = 3*p - 7*p. Let v = -21 + l. List the prime factors of v.
2, 7
Let f(v) be the first derivative of v**4/6 + 5*v**3/6 - 3*v**2/2 + 2*v - 6. Let s(l) be the first derivative of f(l). List the prime factors of s(3).
2, 3, 5
Let i be -7*((-30)/14 - -2). Let o(b) = b**2 - 2 + 1 + 4*b**2 + b. What are the prime factors of o(i)?
5
Let o = 145 - 142. Suppose -599 = -o*b + v, 3*b + 4*v = 2*v + 602. What are the prime factors of b?
2, 5
List the prime factors of 1478 + (-7)/(-13 + 6).
3, 17, 29
Suppose 60 = -75*j + 79*j. What are the prime factors of j/5 + -2 + 1*173?
2, 3, 29
Suppose 24*p = 2*p + 18942. List the prime factors of p.
3, 7, 41
Let z = 175 - 60. Let x(o) = o**3 + 5*o**2 - o - 2. Let p be x(-5). Suppose 0 = 4*h - 5*t - 97, p*h + t - z = -h. List the prime factors of h.
2, 7
Suppose -260 = -9*k + 109. List the prime factors of k.
41
Let w(a) = a**3 + 21*a**2 - 24*a + 74. List the prime factors of w(-19).
2, 313
Suppose -5*d = 4*q - 1236, 4*q - 2*q = d - 236. List the prime factors of (-1)/(24/(-32) - (-179)/d).
61
What are the prime factors of (37/3*-5 - 2)*-3?
191
Suppose 0 = 3*h - 9. Let a(m) = 2*m**3 - 3*m**2 + 2*m + 4. Let y(l) = -l**2 - 10. Let b(q) = a(q) + y(q). List the prime factors of b(h).
2, 3
Let c(j) = j**3 + 5*j**2 - 20*j + 11. What are the prime factors of c(-7)?
53
Suppose n + 540 = -2*n. Let h = -127 - n. What are the prime factors of h?
53
Suppose -3*s = -0*k - 2*k - 16, k + 5 = 0. Suppose -s*c = -247 + 35. What are the prime factors of c?
2, 53
Suppose 738 = p + 2*q - 283, -3*p - q = -3078. List the prime factors of p.
13, 79
Let w = 504 - -92. List the prime factors of w.
2, 149
Let i = 32 - 38. What are the prime factors of 73 + 8/(i - -2)?
71
Let j(s) = -s - 4. Let l be j(-4). Suppose 2*o = 2*y - 64, 3*y = -5*o - l*o - 120. List the prime factors of 10 - 9/(o/12).
2, 7
Let l(z) = -z - 4. Let o be l(-7). Suppose 4*w - 20 = -2*a, -o*w + 2*a + 7 + 1 = 0. Suppose 3*f - 17 = w*h + 8, 2*f - 3*h = 17. What are the prime factors of f?
7
Let t(b) = 15*b**2 + b. Let h be t(-1). Suppose 12 = -5*n - 4*v + 105, n - 36 = 5*v. What are the prime factors of h/3*90/n?
2, 5
Suppose 0 = -9*q - 133 + 25. List the prime factors of (-114)/(-24) + q/16.
2
Suppose 0 = 5*a + 10*a - 7080. List the prime factors of a.
2, 59
Let f(l) = -2*l**3 - 4*l**2 - 3*l - 7. Suppose -4*z + 12 = -8*z. What are the prime factors of f(z)?
2, 5
Let o(v) = -v**2 + 7*v - 7. Let c be o(5). Suppose 5*d = c*d - y + 85, 3*y = 9. What are the prime factors of d?
41
Let p(z) = -z**2 - 3*z + 20. Let i be p(-6). Suppose -2*m + 244 = i*l, 0 = -m + 4*m + 5*l - 358. What are the prime factors of m?
2, 3, 7
Let z(g) = 4*g**2 - 10*g + 85. List the prime factors of z(26).
3, 281
Suppose n - 4*r + 1 = 8, 2*r + 53 = 5*n. Suppose n + 5 = b. Suppose 4*v - b = -4*i, -3*v + 5*i + 36 = -0. What are the prime factors of v?
7
Let l(d) be the third derivative of -d**4/12 - d**3/3 + 2*d**2. Let g be l(2). Let v = g + 19. List the prime factors of v.
13
Let c(w) = w**2 - 10*w + 4. Let v be c(8). Let a be (146/4)/(v/(-24)). Suppose 0 = -5*j + a + 137. What are the prime factors of j?
2, 3, 7
Let z(l) = -l**3 + 7*l**2 + l - 8. Suppose 0 = 4*g - 19 - 5. Let p be z(g). Let w = p + -20. What are the prime factors of w?
2, 7
Let c = -65 + 72. Suppose 0 = n - c - 1. List the prime factors of n.
2
Let t(z) = 19*z + 5. Let j be t(7). Suppose -j = -12*c + 9*c. Suppose c = d - 6. What are the prime factors of d?
2, 13
Suppose o = 2*h + 17 - 2, -2*o = 5*h + 15. Let r(d) = 14*d**3 + 2 - 3*d - 13*d**3 - o*d**2 + 7. List the prime factors of r(6).
3
Suppose 0 = -2*z + 222 - 58. List the prime factors of z.
2, 41
Suppose -88 = -i + 5*i. Let z = i - -50. List the prime factors of (-6)/8 - (-973)/z.
2, 17
Suppose -3232 = -4*l + 2*p, -10*p = -9*p. List the prime factors of l.
2, 101
Let a(u) = -1. Let m(x) = 77*x + 6. L